ue
Does 19 divide 2942682?
True
Does 409 divide 3420367?
False
Does 58 divide 167272?
True
Does 4 divide 240401?
False
Is 414343 a multiple of 43?
False
Is 18 a factor of 137302?
False
Is 21 a factor of 1491508?
False
Is 10 a factor of 323087?
False
Does 450 divide 199339?
False
Is 772210 a multiple of 6?
False
Is 796556 a multiple of 188?
True
Does 49 divide 2002385?
True
Is 12 a factor of 581148?
True
Does 170 divide 177990?
True
Does 1142 divide 11781334?
False
Is 1285597 a multiple of 28?
False
Is 69 a factor of 1303047?
False
Is 454464 a multiple of 32?
True
Is 103430 a multiple of 114?
False
Does 14 divide 2521848?
True
Does 31 divide 741489?
True
Is 3751491 a multiple of 29?
False
Is 140 a factor of 101626?
False
Is 169 a factor of 597753?
True
Is 6813045 a multiple of 463?
True
Is 642985 a multiple of 407?
False
Does 15 divide 1014345?
True
Does 20 divide 156000?
True
Does 18 divide 1156122?
True
Does 6 divide 82824?
True
Is 15 a factor of 2852424?
False
Is 5769756 a multiple of 12?
True
Is 68 a factor of 1083512?
True
Is 211 a factor of 3615850?
False
Does 543 divide 420449?
False
Does 24 divide 342584?
False
Is 368 a factor of 7496?
False
Is 12840102 a multiple of 22?
True
Is 22324 a multiple of 2?
True
Does 2 divide 11346?
True
Is 4066645 a multiple of 38?
False
Does 11 divide 8053314?
False
Is 26136 a multiple of 18?
True
Is 3 a factor of 114269?
False
Does 16 divide 198399?
False
Is 10 a factor of 35647?
False
Is 10762256 a multiple of 1912?
False
Is 24 a factor of 115080?
True
Is 1066569 a multiple of 46?
False
Is 3244926 a multiple of 6?
True
Does 27 divide 2328020?
False
Is 213420 a multiple of 20?
True
Is 59736 a multiple of 8?
True
Is 160699 a multiple of 16?
False
Does 235 divide 11153335?
True
Is 13541 a multiple of 11?
True
Is 1426804 a multiple of 105?
False
Does 15 divide 805455?
True
Is 427980 a multiple of 60?
True
Does 164 divide 22782552?
True
Is 800916 a multiple of 13?
False
Does 3 divide 1708?
False
Is 368 a factor of 914848?
True
Is 105567 a multiple of 3?
True
Does 52 divide 1687897?
False
Is 176488 a multiple of 26?
True
Is 24 a factor of 227328?
True
Is 129638 a multiple of 106?
True
Is 108 a factor of 2959740?
True
Is 61 a factor of 1634194?
False
Is 52621 a multiple of 206?
False
Is 12199921 a multiple of 49?
False
Does 113 divide 72155?
False
Does 3 divide 95235?
True
Does 465 divide 295611?
False
Does 177 divide 52569?
True
Is 6031464 a multiple of 172?
False
Is 4319478 a multiple of 62?
True
Does 412 divide 5578475?
False
Does 8 divide 104930?
False
Is 6 a factor of 4587520?
False
Does 12 divide 28152840?
True
Is 10 a factor of 126184?
False
Does 6 divide 613306?
False
Does 11 divide 7764135?
False
Is 1368 a factor of 6195780?
False
Is 707 a factor of 729624?
True
Does 394 divide 32332822?
True
Is 151 a factor of 46659?
True
Does 62 divide 24304212?
False
Does 552 divide 930120?
True
Is 6047 a multiple of 3?
False
Does 379 divide 473855?
False
Is 320 a factor of 637760?
True
Does 41 divide 70110?
True
Is 78095 a multiple of 128?
False
Does 7 divide 37414?
False
Is 41 a factor of 90077?
True
Does 29 divide 62524?
True
Does 219 divide 964270?
False
Does 20 divide 367754?
False
Is 128 a factor of 3989632?
True
Is 706580 a multiple of 49?
True
Does 6 divide 1336516?
False
Is 23 a factor of 6800059?
False
Is 3149737 a multiple of 9?
False
Does 30 divide 769158?
False
Does 20 divide 364021?
False
Does 7 divide 70553?
True
Does 5 divide 1709431?
False
Does 29 divide 613317?
False
Does 1135 divide 6704445?
True
Does 58 divide 227128?
True
Does 39 divide 154696?
False
Is 2944164 a multiple of 148?
True
Does 1155 divide 6411578?
False
Is 4141511 a multiple of 11?
True
Does 4 divide 2980543?
False
Does 90 divide 1702112?
False
Does 128 divide 18446080?
True
Is 44713 a multiple of 147?
False
Is 517230 a multiple of 14?
True
Is 306 a factor of 849456?
True
Is 6110693 a multiple of 2201?
False
Does 283 divide 188761?
True
Does 24 divide 1260528?
True
Is 42352 a multiple of 458?
False
Is 5 a factor of 223970?
True
Does 23 divide 74750?
True
Is 9 a factor of 1941861?
False
Is 15 a factor of 2921850?
True
Is 391 a factor of 3656241?
True
Does 27 divide 237411?
True
Is 16 a factor of 802939?
False
Is 705518 a multiple of 126?
False
Is 41535 a multiple of 39?
True
Is 13 a factor of 179120?
False
Does 7 divide 71761?
False
Is 63560 a multiple of 40?
True
Is 179 a factor of 29478250?
False
Is 16 a factor of 1172931?
False
Is 2611226 a multiple of 1827?
False
Does 661 divide 115501?
False
Is 1981899 a multiple of 393?
True
Is 352729 a multiple of 59?
False
Is 53 a factor of 7390903?
True
Is 720094 even?
True
Does 121 divide 55818?
False
Is 35259 a multiple of 8?
False
Is 21 a factor of 3738?
True
Does 999 divide 2173824?
True
Does 295 divide 6396190?
True
Does 113 divide 1372501?
False
Does 76 divide 277476?
True
Is 133 a factor of 1992074?
True
Does 217 divide 35112?
False
Does 478 divide 118335?
False
Is 5 a factor of 306118?
False
Is 25 a factor of 531250?
True
Does 11 divide 26573?
False
Does 26 divide 1176424?
False
Does 101 divide 1543608?
False
Does 82 divide 5321554?
True
Does 1114 divide 6339101?
False
Does 85 divide 586839?
False
Does 95 divide 568970?
False
Is 811748 a multiple of 277?
False
Is 210089 a multiple of 9?
False
Does 44 divide 23320?
True
Is 59 a factor of 2081435?
False
Is 215 a factor of 27950?
True
Does 2 divide 886255?
False
Is 5 a factor of 31818?
False
Is 42 a factor of 59130?
False
Is 67 a factor of 34505?
True
Is 3 a factor of 1498563?
True
Does 74 divide 2131858?
False
Does 242 divide 77580?
False
Is 1909277 a multiple of 15?
False
Is 1669140 a multiple of 12?
True
Does 18 divide 464832?
True
Does 152 divide 332813?
False
Does 847 divide 1534385?
False
Does 660 divide 20511204?
False
Does 8 divide 653052?
False
Is 22763 a multiple of 9?
False
Is 83 a factor of 1651700?
True
Does 45 divide 1239783?
False
Does 5 divide 245831?
False
Does 506 divide 83490?
True
Is 24 a factor of 537264?
True
Is 2801844 a multiple of 466?
False
Is 596322 a multiple of 54?
True
Is 206 a factor of 1810816?
False
Is 9709078 a multiple of 1441?
False
Does 7 divide 5496176?
True
Is 142 a factor of 201072?
True
Is 990176 a multiple of 388?
True
Is 1491390 a multiple of 32?
False
Is 116193 a multiple of 231?
True
Does 48 divide 7307963?
False
Is 2 a factor of 31162?
True
Does 24 divide 3564816?
True
Is 1597185 a multiple of 9?
True
Is 4080195 a multiple of 63?
True
Is 5 a factor of 433835?
True
Does 2 divide 245386?
True
Is 44 a factor of 577994?
False
Does 68 divide 126208?
True
Does 3 divide 34485?
True
Is 766339 a multiple of 303?
False
Does 1584 divide 12265865?
False
Does 36 divide 1049940?
True
Is 18825 a multiple of 251?
True
Does 16 divide 119702?
False
Does 13 divide 17959994?
True
Is 71 a factor of 233590?
True
Is 1675260 a multiple of 30?
True
Does 171 divide 77121?
True
Is 140 a factor of 378521?
False
Is 940 a factor of 517000?
True
Is 36269 a multiple of 30?
False
Is 1075963 a multiple of 161?
True
Is 30249562 a multiple of 997?
False
Is 2 a factor of 94194?
True
Does 24 divide 1064952?
True
Is 14472 a multiple of 24?
True
Is 25172 a multiple of 58?
True
Is 6692 even?
True
Does 22 divide 79860?
True
Is 323 a factor of 35530?
True
Does 12 divide 5197687?
False
Does 23 divide 143336?
True
Is 90 a factor of 377640?
True
Is 782 a factor of 2828117?
False
Is 2296651 a multiple of 17?
False
Is 114 a factor of 2904897?
False
Is 64214 a multiple of 97?
True
Is 38 a factor of 384978?
True
Does 147 divide 6785079?
True
Does 42 divide 4595724?
True
Is 175 a factor of 65606?
False
Is 179 a factor of 311281?
True
Is 43 a factor of 704248?
False
Does 92 divide 935088?
True
Is 1928488 a multiple of 18?
False
Does 472 divide 3845856?
True
Does 150 divide 399900?
True
Is 37698 a multiple of 183?
True
Does 9 divide 4787829?
True
Does 17 divide 5777178?
True
Is 426 a factor of 655181?
False
Is 175 a factor of 1761900?
True
Is 264 a factor of 166056?
True
Is 14 a factor of 184730?
True
Is 6 a factor of 417078?
True
Is 174 a factor of 62466?
True
Is 190 a factor of 6080633?
False
Is 33 a factor of 3037881?
True
Is 12 a factor of 42495?
False
Does 39 divide 240778?
False
Is 23 a factor of 266629?
False
Is 3691363 a multiple o